 w = -4 + 7. Let q(u) = u**2 - u + w*u - 4 + 2*u - 2*u. Let s be (-426)/71*1/2. Determine q(s).
-1
Let l(x) = 4 - 24*x + 49*x - 66 - 20*x. What is l(15)?
13
Let n(h) = -9*h - 7. Let x(u) = u + 1. Let v(r) = -2*n(r) - 14*x(r). Suppose 2*m + 0*d - 17 = d, -5*m + 2*d = -40. Suppose m = 6*j - 3*j. Give v(j).
8
Let x(d) be the second derivative of -5*d**3/2 - 95*d**2/2 + 21*d + 1. Calculate x(-6).
-5
Suppose -220*t + 200*t - 106 + 26 = 0. Let a(x) = -x**3 - 3*x**2 + 9*x. What is a(t)?
-20
Let q(u) = -54*u + 82. Let t(p) = -50*p + 86. Let h(k) = 11*q(k) - 12*t(k). What is h(23)?
8
Suppose -3*o = -4*f + 5, -2*o + 2 = f - 2. Let w(j) = 1 + 2 + f*j + j. Let q be -26*(140/(-91))/10. Give w(q).
15
Let q be ((-320)/(-24) - 9)*(-15)/1. Let m = q + 66. Let c(z) = 5*z**3 - z**2 + z - 1. Calculate c(m).
4
Let l(f) = -47*f - 944. Let b(y) = -15*y - 322. Let h(a) = 17*b(a) - 6*l(a). Give h(-7).
1
Let g(m) = 0 - 4*m - m**3 - 9*m**2 + 10*m - 5. Suppose 28*b = 260*b + 105*b + 3370. Give g(b).
35
Suppose 0 = o - 1 - 2. Suppose 0 = 2*j + 13 - o. Let y(w) = 83775*w**3 + 5*w**2 - 41887*w**3 - 41887*w**3 + 3. What is y(j)?
3
Let f be (-15*(-6)/75)/(12/30). Let j(i) = -i**2 - 10*i + 2. Give j(f).
-37
Let x(w) = -19*w - 85. Let f(r) = 3*r + 11. Let b(i) = -4*f(i) - x(i). What is b(-5)?
6
Let z be (-6)/((-6)/(-3))*(-56)/84. Let s(v) = -2 + 4*v - 383*v**z + 384*v**2 + 2*v - 4*v. Give s(3).
13
Let b(z) = 3*z**2 - 13*z. Let f = 100 + -105. Let x(q) = -4*q**2 + 14*q + 1. Let v(a) = f*x(a) - 6*b(a). What is v(-6)?
19
Let t(y) be the second derivative of y**3/6 + 19*y**2/2 - 17*y. Let p be t(-20). Let d(j) = -13*j**3 - j**2 - j. Determine d(p).
13
Let w = 27 + 103. Let x(o) = 122 + 2*o**2 - o**2 - 3*o - w. Suppose -2*t = -2*h + 2, -2*h + 2*t - 40 = -7*h. Give x(h).
10
Let k(i) = -i**3 - 45*i**2 + 2359*i + 105138. Let h be k(-43). Let r(t) be the third derivative of t**5/20 - 7*t**4/24 + t**3/3 - t**2. Determine r(h).
8
Let z(j) = 9 - 1 - 12 - j - 3. Suppose 87*b - 64 = 95*b. Determine z(b).
1
Let z = 888 - 895. Let i(g) = g**2 + 5*g + 3. Give i(z).
17
Suppose 1 - 35 = -k. Suppose 39*g = k*g. Let h(s) = s**3 - s**2 + 8. Calculate h(g).
8
Suppose 0 = -35*a + 32*a + 9. Let v(h) = h**2 - h - 1. Let j(i) = i**2 - 2. Suppose -5 = 3*t + 7. Let p(k) = t*j(k) + 5*v(k). What is p(a)?
-3
Let q(k) = -11*k**2 - 5*k + 6. Let t be q(2). Let s = 51 + t. Suppose -7*o = s - 10. Let j(f) = 5*f + 1. What is j(o)?
6
Suppose -44*x = -48*x + 4, -13 = 4*u - 5*x. Let b(i) = -3 - 1 + 2*i + 2. Let o(h) = 2*h - 3. Let a(r) = 6*b(r) - 4*o(r). Calculate a(u).
-8
Let y(j) = -2*j. Let h(u) = 5 + 12 + 17*u - 19 + 0*u + 4. Let q(s) = 2*h(s) + 18*y(s). Suppose -4*t + 3 = -13. Give q(t).
-4
Let s(d) = d**2 + 1 + 3 - 1266*d + 1249*d. Let r be s(17). Let l be r - 3 - (5 - 7). Let p(j) = j**2 - j + 1. What is p(l)?
7
Let i(r) = -r**3 + 11*r**2 - 3*r - 10. Suppose 3*q = -2*o - q, o + 5*q = -15. Calculate i(o).
60
Let x(v) = 25*v**3 + 1. Let r(o) = 101*o**3 + 29*o**2 - 63*o - 24. Let n(p) = r(p) - 4*x(p). Give n(-31).
3
Let k = 118 + -114. Let q(j) = 29 + 127*j + 120*j - 43 - 243*j. Calculate q(k).
2
Let f(h) = -8690*h + h**2 + 17409*h - 39 - 8700*h. Determine f(-20).
-19
Let r(m) = m - 6. Let a be r(9). Let v(w) = w + 11*w**2 + w - 281*w**3 + 562*w**3 - 14 - 282*w**a. Give v(11).
8
Let t be (-272)/224 - (-6)/28. Let c(s) = -16*s**2. Give c(t).
-16
Let u(i) = -i**3 - 18*i**2 + 18*i - 9. Let o be 170/(-1020)*(-114)/(-1). Give u(o).
10
Let p be (12/(-10))/(18/(-90)). Suppose -2*u + 3*u + p*u = 0. Let a(c) = c - 11. Give a(u).
-11
Let o(v) = -2*v**2 - 77*v + 3*v**2 + v**3 - 7 + v**2 - 8*v**2 + 83*v. What is o(3)?
-16
Let p(i) be the second derivative of -i**5/20 - 5*i**4/6 - i**3/3 - 3*i**2/2 + 2*i. Suppose 119*v - 634 - 586 = 241*v. What is p(v)?
17
Let j(h) = 12*h**2 + 692*h - 222. Let x be j(-58). Let n(f) = f**3 - 13*f**2 + 21*f - 21. Give n(x).
-111
Suppose q - 53 = t - 4, 2*t = -2*q - 86. Let z = t - -51. Let v(f) = f**3 - 4*f**2 - 6*f + 1. Give v(z).
-4
Let p be 42/245*7*(-80)/(-6). Let w be p/80 - 98/(-10). Let d(u) = -u**3 + 9*u**2 + 11*u - 6. Calculate d(w).
4
Let b(m) = -14*m - 492*m**3 + 7 + 18*m**2 + 241*m**3 + 3 + 250*m**3. What is b(17)?
61
Let u(m) be the third derivative of -m**5/10 - 5*m**4/6 - 5*m**3/6 - 22*m**2 - 5*m - 1. Give u(-3).
1
Let d(b) = -b**3 + 9*b**2 - 14*b - 1. Let p(m) = m**3 + 19*m**2 + 2*m + 45. Suppose 0 = g + 19. Let v be p(g). Give d(v).
-1
Let b(o) = 6*o**2 + 6*o + 24. Let z(c) = -5*c**2 - 6*c - 20. Let g(v) = -4*b(v) - 5*z(v). Determine g(-7).
11
Let v(p) = p**3 - 7*p**2 + 10*p - 9. Suppose 5*r = 3*o + 15, 19 = 5*o - 6. Determine v(r).
15
Let m(a) = -a**2 + 8*a + 160. Let t = -4072 - -4063. Determine m(t).
7
Let j(b) = -b**2 + 13*b - 32. Let f = 2487 + -2484. What is j(f)?
-2
Let d(k) = 17*k + 5*k - 3 + 14*k + 13*k - 48*k. Determine d(-12).
-15
Let d(y) = -y - 2. Let s be d(-5). Suppose -8*h - 402 = -14*h. Let n(r) = 23*r - r**2 + 26*r + 20*r - h*r. Give n(s).
-3
Let l(r) be the first derivative of 0*r - 4 + 0*r**4 + 1/2*r**3 - 1/120*r**6 - 7/2*r**2 + 1/30*r**5. Let m(s) be the second derivative of l(s). Give m(3).
-6
Let m(w) = -w**2 + 6*w - 1. Let t(q) = 25*q + 29. Let k be t(6). Let b = 184 - k. Calculate m(b).
4
Let l be (-5)/70*2 - (-6149)/1001. Let o(a) = -2*a**3 - 10*a**2 + 10*a + 1. Let t(s) = s**3 + 9*s**2 - 9*s - 1. Let r(x) = 2*o(x) + 3*t(x). Give r(l).
-7
Let o(p) = 75*p - 1212*p**3 + 15*p + 6*p + 1213*p**3 - 17*p + 47 - 42*p**2. Calculate o(40).
7
Let a be -3 + 12 + 2 - -1. Let t be 5*2/(-3)*a/10. Let b(j) = 4 - 1 + 1 + 3*j. Calculate b(t).
-8
Suppose 3 = 2*s + 5*k + 67, 5*s - 5*k + 90 = 0. Let t be (-11)/s - (-3)/(-2). Let y(g) be the third derivative of -7*g**4/24 - 1707*g**2. Give y(t).
7
Let s(g) = -253*g + 364. Let p be s(-11). Let v(u) = 0 - p*u + 3145*u - 2. Calculate v(-11).
20
Let c = -6526 + 6523. Let s(a) = a**3 + 3*a**2 + 5*a - 9. What is s(c)?
-24
Let y(k) = 9 - 11*k + 35*k - 4 + 7 - 20*k. Give y(-5).
-8
Let n(s) be the second derivative of 3/2*s**2 - s + 1/12*s**4 - 2/3*s**3 + 0. Let j(h) = -174*h**2 + 2092*h - 43. Let i be j(12). Give n(i).
8
Let o be (-41 - -34 - 7/(-1))*1/3. Let k(x) be the third derivative of o*x - 5/6*x**3 + 0 - 20*x**2 + 1/12*x**4 + 1/60*x**5. Determine k(-4).
3
Suppose -10 = -5*d - 0. Suppose d*y + 0*y = 4. Let z(t) = -3*t**2 + 5*t**2 - y*t - 3*t**2 + 11*t. Determine z(9).
0
Let q(h) be the first derivative of -4*h**3/3 + 27*h - 515. Give q(-3).
-9
Let t(v) = -v - v - 2*v**2 - 1 + 3. Suppose -33*n + 14 = 14. Suppose n = 4*x + 3*k + 24, -2*x - 38*k + 41*k = -6. Give t(x).
-10
Let p(a) be the first derivative of -a**2 + 8*a - 2. Let f(v) = -v**3 + 20*v**2 + 128*v + 26. Let u be f(-5). Determine p(u).
-14
Suppose 29*a = 52 + 238. Let z(n) = n**2 - 10*n - 16. What is z(a)?
-16
Let o = 3456 + -3456. Let v(w) = 7*w**2 - w + 2. What is v(o)?
2
Let f(o) be the second derivative of -o**3/3 + o**2 - 29*o. Let b(z) = 3*z - 2. Let k(q) = 5*b(q) + 4*f(q). Calculate k(-2).
-16
Suppose 2002 = -4*t + 4*l + 8770, -4*l = t - 1702. Let p(h) = 1699 - h**2 - t + 0*h**2. Give p(0).
5
Let l(o) = -o**3 - 7*o**2 - 4*o - 28. Suppose 4*y - 5*d = -309, d - 105 = 4*y + 184. Let b = -78 - y. Let m be l(b). Let i(n) = -n**2 + n - 7. Calculate i(m).
-7
Let r(p) = 7*p**3 - 27*p**2 - 16*p + 5. Let a(i) = 3*i**3 - 12*i**2 - 8*i + 1. Let l(g) = -5*a(g) + 2*r(g). Give l(7).
12
Let f(i) = -199*i**3 + 5*i**2 + 18 - 3 - 4*i + 4*i**2 - 207*i**3 + 407*i**3. Give f(-8).
111
Let i(d) = -4*d - 22. Let s be i(-6). Let z be 14/(-3)*(-3)/s. Let c(f) = -3 - 4*f - f**3 + 11*f + 7*f**2 - 8*f. What is c(z)?
-10
Suppose -5 = -2*m + 11. Let w(h) = 7*h - 13 + 1 - m*h. Let q(c) = 1. Let n(s) = -6*q(s) - w(s). What is n(0)?
6
Let f(w) = w**3 - 2*w**2 + 4. Suppose 60 + 156 = 4*z. Let j = -76 + z. Let n = j + 25. Calculate f(n).
13
Let x(p) = -p**3 + 6*p**2 + 10*p - 7. Let w(j) = -j**3 + 12*j**2 + 14*j - 6. Let h = 123 + -110. Let i be w(h). What is x(i)?
14
Let z = 13 + -11. Let l(n) = -3649*n**2 + 3654*n**2 + n**3 - 3*n - 4 + 6 - 2*n**3. What is l(z)?
8
Let o(s) = -s**3 + 11*s**2 - 19*s + 129. Let v(y) = -y**2 - 3*y + 3. Let u(z) = o(z) - 4*v(z). What is u(15)?
12
Let x(r) be the second derivative of -r**5/20 + 5*r**4/12 + 4*r**3/3 + r**2/2 + 15*r + 178. Suppose 0 = -5*y - k + 27, -